and g.
13
Let x be (-1)/1*104/(-8). What is the greatest common divisor of x and 143?
13
Suppose 0 = -3*q - 5*z + 94, 3*z - 41 = -q - 15. Calculate the greatest common divisor of q and 2.
2
Let v = -118 - -214. Calculate the highest common factor of v and 12.
12
Let c = 33 - -15. Suppose x + c = 2*x. Let o = -27 - -33. What is the highest common divisor of x and o?
6
Suppose g + 458 = 4*p, 3*p - 7*p + 452 = -4*g. Calculate the highest common factor of p and 23.
23
Let y = -1 + 21. Let h be (10/y)/((-1)/(-40)). What is the highest common factor of 10 and h?
10
Suppose 6*x = 5*f + 7*x - 1122, 3*x - 902 = -4*f. What is the greatest common divisor of 32 and f?
32
Let k(w) = -2*w**2 + 18*w - 12. Let s be k(7). Calculate the highest common divisor of s and 112.
16
Let h = 273 - 243. Suppose 66 = 4*z + 6. What is the highest common factor of h and z?
15
Let n(b) = b**2 - 2*b - 6. Let y be n(5). Suppose 243 - 18 = 5*f. What is the highest common divisor of f and y?
9
Let j = 119 + -67. Suppose 4*k - 65 = -13. Calculate the highest common divisor of k and j.
13
Let u = 20 + 24. Suppose -4*p + 51 - 11 = 0. Let i be (-88)/(-20) - 4/p. Calculate the greatest common divisor of u and i.
4
Suppose 4 = 2*p - 4. Let r = 41 - 35. What is the highest common divisor of r and p?
2
Let m = 23 + -18. Calculate the greatest common divisor of 1 and m.
1
Let y = 48 + -45. Suppose n = 4*n - a - 14, 5*n + a = 10. Calculate the highest common divisor of y and n.
3
Let z = -226 - -398. Let y = 388 - z. Suppose n + 3*n = -4*l + y, 3*n = -2*l + 162. Calculate the highest common divisor of n and 6.
6
Let t = 5 + -5. Suppose 5*g - 5 = -t*g. Let y be (g/3)/(7/441). What is the greatest common factor of y and 189?
21
Suppose t - 66 = -2*t. Suppose 2*d - t = -4*n - 0*n, -d - 31 = -4*n. Calculate the greatest common factor of 77 and n.
7
Suppose 2*q + 2*r + 3*r = 100, -5*r - 180 = -5*q. Let g(y) = y**2 - 8*y - 4. Let t be g(9). Calculate the highest common divisor of t and q.
5
Suppose 0 = -0*b + 3*b - 60. Calculate the highest common factor of 4 and b.
4
Let y(z) = 2*z. Let b be y(-1). Let u be ((-1152)/60)/(b/10). What is the greatest common divisor of u and 16?
16
Suppose -2*z = -0 - 12. Let x be (-1)/z + 110/12. What is the highest common divisor of x and 6?
3
Suppose 0 = w + w - 180. Suppose 0 = 4*i - 2*i - w. Let o(v) = -v + 16. Let t be o(7). What is the greatest common factor of i and t?
9
Suppose 2*o - 24 = 5*i + 16, 0 = 3*o - 2*i - 49. Calculate the highest common divisor of 3 and o.
3
Let n be (-2)/((-1)/((-95)/(-2))). Suppose 2*t - 13 - 63 = 0. Calculate the highest common factor of t and n.
19
Suppose 0 = -0*d - 3*d + 30. Let y be 2/d - 27/(-15). Let n = y - -10. What is the greatest common factor of n and 30?
6
Suppose 4*v - h - 1 + 9 = 0, 3*v + 2*h = -17. Let g be v - -3 - 0 - -3. Calculate the greatest common factor of 12 and g.
3
Let v = 4 - 2. Let p = 14 - v. Let m = 34 - p. What is the greatest common divisor of 2 and m?
2
Suppose 1 + 21 = 2*w. Suppose -3*b + 165 = 33. What is the greatest common factor of w and b?
11
Suppose -48 = -4*t + 2*t - 5*f, -2*f = -t + 24. Let c = 15 - 17. Let h(r) = -r + 1. Let o be h(c). Calculate the greatest common divisor of o and t.
3
Suppose -119 = -4*d + 2*i + 551, 0 = -5*d - 4*i + 844. Suppose -g + 3*n = -18, 5*n + 67 = 3*g + 5. Calculate the greatest common divisor of g and d.
24
Let g be -2 + 17/(3 - 2). Let a be 344/72 + -5 + (-168)/(-27). Calculate the highest common divisor of g and a.
3
Let i be 10/3*(-12)/(-10). Let s be 19 - -3*(3 - i). Calculate the greatest common divisor of 128 and s.
16
Suppose i + 20 = 2*i. Suppose 8 + i = 2*c. What is the greatest common divisor of 35 and c?
7
Let k = -17 - 15. Let j be k/(-2) + (-4 - -3). Calculate the highest common divisor of 10 and j.
5
Let a = -2 - -8. Let r = a - 4. Suppose -r*w + 20 = 3*w. Calculate the greatest common factor of 44 and w.
4
Suppose 5*l - 45 - 280 = 0. What is the highest common factor of l and 26?
13
Let c(h) = -h**3 + 4*h**2 + 3*h - 3. Let k be c(3). Suppose 4*b - 414 = -2*l, 0 = 5*b - 4*l - 581 + 44. What is the greatest common factor of k and b?
15
Let f be (-41)/(-3) + 8/24. Calculate the highest common factor of f and 35.
7
Let h be ((-2)/2)/((-2)/24). What is the highest common factor of h and 48?
12
Let l be 2024/28 + (-4)/14. Suppose -5*a + 15 = -25. Calculate the greatest common divisor of a and l.
8
Let d = -171 + 1016. Let r be (-3)/(-6) + d/10. What is the highest common divisor of 34 and r?
17
Let b = 3 - -1. Suppose -20 = 5*r, r - 44 = -x + b*r. Calculate the highest common factor of 4 and x.
4
Let x = -72 + 102. Let q = -24 + 34. What is the highest common factor of x and q?
10
Let u = 16 + -11. Suppose 2*p - 3 = u. Suppose p - 1 = r. Calculate the greatest common factor of r and 12.
3
Let z = -45 + 63. Calculate the highest common divisor of z and 198.
18
Suppose -4*y + 4 = -24. Suppose -3*p = -3*c - 159, -4*p + 0*c + 2*c + 204 = 0. What is the greatest common factor of y and p?
7
Let j(b) = -b**2 - 14*b + 34. Let l be j(-15). What is the highest common factor of l and 171?
19
Suppose 0 = -i + 3*q + 29 - 11, -2*q + 4 = 0. Calculate the greatest common factor of i and 168.
24
Let u = 114 - 59. Let f = -63 - -85. What is the highest common factor of f and u?
11
Let r be ((-3)/9)/(2/(-18)). Calculate the highest common factor of r and 1.
1
Let n be -2 - 0 - 0 - -2. Suppose 0 = -n*a + 5*a - 25. Let f(b) = -b + 15. Let c be f(0). Calculate the highest common factor of a and c.
5
Let i be ((-2)/(-5))/(2/420). What is the greatest common factor of i and 14?
14
Let u(r) = r**2 - 11*r - 10. Let a be u(12). Suppose 0*t + a = -2*t. Let l = t - -10. What is the greatest common factor of l and 81?
9
Let v = -27 + 72. What is the highest common divisor of 15 and v?
15
Let y be (0 - -2)*1 + 6. Let t = y - 5. Let m be (-8)/6*-2*t. What is the greatest common factor of m and 64?
8
Suppose 32 = -3*i + 4*i. Calculate the greatest common factor of i and 4.
4
Suppose 2*w = 6*w - 12. Calculate the greatest common divisor of 9 and w.
3
Suppose z - 22 = -g + 22, 0 = g - 4*z - 34. What is the greatest common factor of g and 14?
14
Let v be (-18)/(-4) - 1/2. Suppose 5*p = -v*t - 8, 2*t - p - p = 14. Suppose -5*d = -t*d - 72. Calculate the greatest common divisor of d and 90.
18
Let k(n) = 37*n - 1. Let w be k(1). Let h(y) = -y**2 + 2*y + 1. Let r be h(2). Let x = 3 + r. What is the highest common factor of w and x?
4
Suppose 4*l + 0*l = 128. Let s be (-12)/9*27/(-6). Suppose 14 = k + s. Calculate the highest common divisor of k and l.
8
Let x = -85 - -184. Let v = -22 + 31. What is the greatest common factor of x and v?
9
Let b = 1 + -8. Let r(z) = -z**3 - 6*z**2 + 5*z - 10. Let c be r(b). Calculate the highest common factor of c and 32.
4
Suppose -20 = i - 6*i. Calculate the greatest common divisor of i and 32.
4
Let c = -11 + 91. Calculate the greatest common factor of c and 40.
40
Let d = 25 - 17. What is the highest common divisor of d and 56?
8
Suppose -29*a = -26*a - 48. Calculate the highest common divisor of a and 8.
8
Let w(g) = g**2 - 3*g + 2. Let d be w(2). Suppose -z + k + 21 = d, z = -3*z + k + 78. Calculate the highest common divisor of z and 76.
19
Suppose -3 - 45 = -2*t. What is the greatest common factor of t and 8?
8
Suppose 0 = 4*b - 5*c - 48 - 36, 0 = 5*b - 4*c - 105. Calculate the highest common divisor of b and 21.
21
Let x = 30 + -12. Let d be (1 - -4)/(2/x). Calculate the highest common divisor of d and 15.
15
Let r be 51 - -8 - (0 + (-5 - -1)). Let p(f) = -3*f - 1. Let t(u) = 1. Let v(l) = p(l) - t(l). Let z be v(-3). What is the greatest common factor of z and r?
7
Let f(d) = -8*d - 23. Let x be f(-7). What is the greatest common factor of x and 297?
33
Let x be (-3)/(-2) - 6*(-666)/24. Calculate the greatest common factor of x and 24.
24
Let t(h) be the first derivative of h**2/2 + h + 1. Let k be t(2). Let s(r) = -4*r + 19. Let y be s(4). What is the highest common divisor of k and y?
3
Let t = -22 + 40. Suppose 3*a - 81 = 2*u - 6*u, -5*u = 3*a - 81. Calculate the greatest common divisor of a and t.
9
Let v = 7 + -2. Let k be (-6)/(-4) + v/2. Calculate the greatest common divisor of 36 and k.
4
Suppose -h - 2*o = -4*h + 2, o - 12 = -5